{"id":38568,"date":"2025-05-13T08:56:38","date_gmt":"2025-05-13T12:56:38","guid":{"rendered":"https:\/\/tgbl-onlit.tangiblelaunchpad.com\/?page_id=38568"},"modified":"2025-11-19T00:11:33","modified_gmt":"2025-11-19T05:11:33","slug":"introduction","status":"publish","type":"page","link":"https:\/\/tgbl-onlit.tangiblelaunchpad.com\/fr\/b3-les-apprentissages-linguistiques\/introduction\/","title":{"rendered":"Introduction"},"content":{"rendered":"\t\t<div data-elementor-type=\"wp-page\" data-elementor-id=\"38568\" class=\"elementor elementor-38568 elementor-38321\" data-elementor-post-type=\"page\">\n\t\t\t\t<div class=\"elementor-element elementor-element-5da965ad e-flex e-con-boxed e-con e-parent\" data-id=\"5da965ad\" data-element_type=\"container\" data-e-type=\"container\">\n\t\t\t\t\t<div class=\"e-con-inner\">\n\t\t\t\t<div class=\"elementor-element elementor-element-46b1acc2 elementor-widget elementor-widget-heading\" data-id=\"46b1acc2\" data-element_type=\"widget\" data-e-type=\"widget\" data-widget_type=\"heading.default\">\n\t\t\t\t<div class=\"elementor-widget-container\">\n\t\t\t\t\t<h1 class=\"elementor-heading-title elementor-size-default\">Introduction aux apprentissages linguistiques<\/h1>\t\t\t\t<\/div>\n\t\t\t\t<\/div>\n\t\t\t\t<div class=\"elementor-element elementor-element-cd5a8a7 elementor-widget elementor-widget-text-editor\" data-id=\"cd5a8a7\" data-element_type=\"widget\" data-e-type=\"widget\" data-widget_type=\"text-editor.default\">\n\t\t\t\t<div class=\"elementor-widget-container\">\n\t\t\t\t\t\t\t\t\t<p>Dans le programme-cadre de fran\u00e7ais de l\u2019Ontario, la progression des apprentissages linguistiques expose les notions qui doivent faire l\u2019objet de l\u2019enseignement et de l\u2019\u00e9valuation. Un continuum des apprentissages linguistiques pour la lecture et l\u2019\u00e9criture, en harmonie avec la grammaire nouvelle et l\u2019\u00e9tat des connaissances didactique du fran\u00e7ais, permet d\u2019orienter l\u2019enseignement des notions li\u00e9es \u00e0 la phrase, au lexique, \u00e0 l\u2019orthographe et \u00e0 la coh\u00e9rence textuelle.<\/p><p>Le continuum des apprentissages pr\u00e9sente le d\u00e9veloppement des connaissances linguistiques en trois grandes \u00e9tapes : une sensibilisation \u00e0 la notion, une \u00e9tude syst\u00e9matique, et un approfondissement. Il s\u2019\u00e9tend de la 1re \u00e0 la 9e ann\u00e9e et d\u00e9crit des p\u00e9riodes approximatives durant lesquelles les \u00e9l\u00e8ves d\u00e9couvrent, explorent et ma\u00eetrisent progressivement l\u2019utilisation des ces connaissances dans leurs productions \u00e9crites.<\/p><p>Il est \u00e9galement important de souligner que, bien souvent, les \u00e9l\u00e8ves comprennent et utilisent d\u00e9j\u00e0 ces connaissances \u00e0 l\u2019oral avant de pouvoir les appliquer efficacement \u00e0 l\u2019\u00e9crit.<\/p><p>Conform\u00e9ment au programme-cadre, nous commen\u00e7ons par les notions syntaxiques li\u00e9es \u00e0 la phrase et \u00e0 ses constituants, afin de placer la phrase au c\u0153ur de l\u2019enseignement de la langue. Cette organisation permet de mieux comprendre la structure de la phrase. Par la suite, nous aborderons les autres \u00e9l\u00e9ments li\u00e9s \u00e0 la grammaire de la phrase et la coh\u00e9rence textuelle.<\/p><p>Le programme-cadre ne se limite pas \u00e0 pr\u00e9senter les comp\u00e9tences et une progression sugg\u00e9r\u00e9e de leur d\u00e9veloppement ; il offre \u00e9galement des pistes p\u00e9dagogiques pour guider le personnel enseignant dans l\u2019enseignement efficace de ces comp\u00e9tences. <\/p>\t\t\t\t\t\t\t\t<\/div>\n\t\t\t\t<\/div>\n\t\t\t\t<div class=\"elementor-element elementor-element-70fe1c1 elementor-widget elementor-widget-text-editor\" data-id=\"70fe1c1\" data-element_type=\"widget\" data-e-type=\"widget\" data-widget_type=\"text-editor.default\">\n\t\t\t\t<div class=\"elementor-widget-container\">\n\t\t\t\t\t\t\t\t\t<p><em>Dans le contexte d\u2019activit\u00e9s de communication orale, de lecture et d\u2019\u00e9criture, l\u2019\u00e9l\u00e8ve apprend \u00e0 mettre \u00e0 contribution ses connaissances grammaticales pour mieux communiquer, comprendre et interpr\u00e9ter les textes ainsi que pour discuter de ses \u00e9crits, les expliquer et les \u00e9valuer. Pour ce faire, l\u2019\u00e9l\u00e8ve est amen\u00e9 \u00e0 se livrer \u00e0 des observations, \u00e0 d\u00e9gager des constatations et \u00e0 faire des g\u00e9n\u00e9ralisations sur la langue et son fonctionnement. Au cours de ses communications, des ses lectures et de ses r\u00e9actions, l\u2019\u00e9l\u00e8ve apprend \u00e0 observer, nommer, reconna\u00eetre et \u00e9valuer les notions grammaticales du tableau de progression. Les notions grammaticales seront \u00e9valu\u00e9es de mani\u00e8re contextualis\u00e9e, c\u2019est-\u00e0-dire en lecture et en \u00e9criture.<\/em><\/p>\t\t\t\t\t\t\t\t<\/div>\n\t\t\t\t<\/div>\n\t\t\t\t<div class=\"elementor-element elementor-element-f6194ad elementor-widget elementor-widget-text-editor\" data-id=\"f6194ad\" data-element_type=\"widget\" data-e-type=\"widget\" data-widget_type=\"text-editor.default\">\n\t\t\t\t<div class=\"elementor-widget-container\">\n\t\t\t\t\t\t\t\t\t<p>Consulter ici l\u2019Annexe B : Continuum des apprentissages linguistiques pour la lecture et l\u2019\u00e9criture, de la 1re \u00e0 la 9e ann\u00e9e, attente B3:<\/p>\t\t\t\t\t\t\t\t<\/div>\n\t\t\t\t<\/div>\n\t\t\t\t<div class=\"elementor-element elementor-element-cc5bca3 elementor-align-center elementor-widget elementor-widget-button\" data-id=\"cc5bca3\" data-element_type=\"widget\" data-e-type=\"widget\" data-widget_type=\"button.default\">\n\t\t\t\t<div class=\"elementor-widget-container\">\n\t\t\t\t\t\t\t\t\t<div class=\"elementor-button-wrapper\">\n\t\t\t\t\t<a class=\"elementor-button elementor-button-link elementor-size-sm\" href=\"https:\/\/www.dcp.edu.gov.on.ca\/en\/curriculum\/elementary-language\/context\/appendix-b\" target=\"_blank\" rel=\"noopener\">\n\t\t\t\t\t\t<span class=\"elementor-button-content-wrapper\">\n\t\t\t\t\t\t\t\t\t<span class=\"elementor-button-text\">Annexe B : Continuum des apprentissages linguistiques pour la lecture et l\u2019\u00e9criture,  attente B3<\/span>\n\t\t\t\t\t<\/span>\n\t\t\t\t\t<\/a>\n\t\t\t\t<\/div>\n\t\t\t\t\t\t\t\t<\/div>\n\t\t\t\t<\/div>\n\t\t\t\t<div class=\"elementor-element elementor-element-b5b5080 elementor-widget elementor-widget-text-editor\" data-id=\"b5b5080\" data-element_type=\"widget\" data-e-type=\"widget\" data-widget_type=\"text-editor.default\">\n\t\t\t\t<div class=\"elementor-widget-container\">\n\t\t\t\t\t\t\t\t\t<p>Dans cette premi\u00e8re vid\u00e9o, un aper\u00e7u est propos\u00e9 sur les raisons et les m\u00e9thodes d\u2019enseignement des comp\u00e9tences li\u00e9es \u00e0 la phrase.<\/p>\t\t\t\t\t\t\t\t<\/div>\n\t\t\t\t<\/div>\n\t\t\t\t<div class=\"elementor-element elementor-element-fcded18 elementor-widget elementor-widget-video\" data-id=\"fcded18\" data-element_type=\"widget\" data-e-type=\"widget\" data-settings=\"{&quot;youtube_url&quot;:&quot;https:\\\/\\\/youtu.be\\\/CGQItX1iC4E&quot;,&quot;video_type&quot;:&quot;youtube&quot;,&quot;controls&quot;:&quot;yes&quot;}\" data-widget_type=\"video.default\">\n\t\t\t\t<div class=\"elementor-widget-container\">\n\t\t\t\t\t\t\t<div class=\"elementor-wrapper elementor-open-inline\">\n\t\t\t<div class=\"elementor-video\"><\/div>\t\t<\/div>\n\t\t\t\t\t\t<\/div>\n\t\t\t\t<\/div>\n\t\t\t\t<div class=\"elementor-element elementor-element-84969b5 elementor-widget elementor-widget-text-editor\" data-id=\"84969b5\" data-element_type=\"widget\" data-e-type=\"widget\" data-widget_type=\"text-editor.default\">\n\t\t\t\t<div class=\"elementor-widget-container\">\n\t\t\t\t\t\t\t\t\t<p><em>\u00ab\u202f\u2026L\u2019enseignement de la grammaire de fa\u00e7on isol\u00e9e, corrective et prescriptive donne de pi\u00e8tres r\u00e9sultats, alors que la grammaire int\u00e9gr\u00e9e \u00e0 l\u2019acte d\u2019\u00e9crire a un effet positif.\u202f\u00bb<\/em>\u00a0 &#8211; adapt\u00e9 de Van Cleave, Writing Matters, 2014 <\/p>\t\t\t\t\t\t\t\t<\/div>\n\t\t\t\t<\/div>\n\t\t<div class=\"elementor-element elementor-element-3376f163 e-con-full e-flex e-con e-child\" data-id=\"3376f163\" data-element_type=\"container\" data-e-type=\"container\">\n\t\t\t\t<div class=\"elementor-element elementor-element-8dfe1d2 elementor-align-left elementor-widget__width-initial elementor-mobile-align-center elementor-hidden-desktop elementor-hidden-tablet elementor-hidden-mobile elementor-widget elementor-widget-button\" data-id=\"8dfe1d2\" data-element_type=\"widget\" data-e-type=\"widget\" data-widget_type=\"button.default\">\n\t\t\t\t<div class=\"elementor-widget-container\">\n\t\t\t\t\t\t\t\t\t<div class=\"elementor-button-wrapper\">\n\t\t\t\t\t<a class=\"elementor-button elementor-size-sm\" role=\"button\">\n\t\t\t\t\t\t<span class=\"elementor-button-content-wrapper\">\n\t\t\t\t\t\t\t\t\t<span class=\"elementor-button-text\">&lt;&lt; Back<\/span>\n\t\t\t\t\t<\/span>\n\t\t\t\t\t<\/a>\n\t\t\t\t<\/div>\n\t\t\t\t\t\t\t\t<\/div>\n\t\t\t\t<\/div>\n\t\t\t\t<div class=\"elementor-element elementor-element-539d8976 elementor-align-right elementor-widget__width-initial elementor-mobile-align-center elementor-widget elementor-widget-button\" data-id=\"539d8976\" data-element_type=\"widget\" data-e-type=\"widget\" data-widget_type=\"button.default\">\n\t\t\t\t<div class=\"elementor-widget-container\">\n\t\t\t\t\t\t\t\t\t<div class=\"elementor-button-wrapper\">\n\t\t\t\t\t<a class=\"elementor-button elementor-button-link elementor-size-sm\" href=\"https:\/\/tgbl-onlit.tangiblelaunchpad.com\/fr\/b3-les-apprentissages-linguistiques\/la-grammaire-et-la-syntaxe\/\">\n\t\t\t\t\t\t<span class=\"elementor-button-content-wrapper\">\n\t\t\t\t\t\t\t\t\t<span class=\"elementor-button-text\">Suivant &gt;&gt;<\/span>\n\t\t\t\t\t<\/span>\n\t\t\t\t\t<\/a>\n\t\t\t\t<\/div>\n\t\t\t\t\t\t\t\t<\/div>\n\t\t\t\t<\/div>\n\t\t\t\t<\/div>\n\t\t\t\t\t<\/div>\n\t\t\t\t<\/div>\n\t\t\t\t<\/div>\n\t\t","protected":false},"excerpt":{"rendered":"<p>Introduction aux apprentissages linguistiques Dans le programme-cadre de fran\u00e7ais de l\u2019Ontario, la progression des apprentissages linguistiques expose les notions qui doivent faire l\u2019objet de l\u2019enseignement et de l\u2019\u00e9valuation. Un continuum&#8230;<\/p>\n","protected":false},"author":32,"featured_media":38566,"parent":38564,"menu_order":0,"comment_status":"closed","ping_status":"closed","template":"","meta":{"_acf_changed":false,"_kad_post_transparent":"","_kad_post_title":"hide","_kad_post_layout":"fullwidth","_kad_post_sidebar_id":"","_kad_post_content_style":"unboxed","_kad_post_vertical_padding":"hide","_kad_post_feature":"hide","_kad_post_feature_position":"","_kad_post_header":false,"_kad_post_footer":false,"_kad_post_classname":"","footnotes":""},"content-language":[509],"class_list":["post-38568","page","type-page","status-publish","has-post-thumbnail","hentry","content-language-francais"],"acf":[],"_links":{"self":[{"href":"https:\/\/tgbl-onlit.tangiblelaunchpad.com\/fr\/wp-json\/wp\/v2\/pages\/38568","targetHints":{"allow":["GET"]}}],"collection":[{"href":"https:\/\/tgbl-onlit.tangiblelaunchpad.com\/fr\/wp-json\/wp\/v2\/pages"}],"about":[{"href":"https:\/\/tgbl-onlit.tangiblelaunchpad.com\/fr\/wp-json\/wp\/v2\/types\/page"}],"author":[{"embeddable":true,"href":"https:\/\/tgbl-onlit.tangiblelaunchpad.com\/fr\/wp-json\/wp\/v2\/users\/32"}],"replies":[{"embeddable":true,"href":"https:\/\/tgbl-onlit.tangiblelaunchpad.com\/fr\/wp-json\/wp\/v2\/comments?post=38568"}],"version-history":[{"count":23,"href":"https:\/\/tgbl-onlit.tangiblelaunchpad.com\/fr\/wp-json\/wp\/v2\/pages\/38568\/revisions"}],"predecessor-version":[{"id":38930,"href":"https:\/\/tgbl-onlit.tangiblelaunchpad.com\/fr\/wp-json\/wp\/v2\/pages\/38568\/revisions\/38930"}],"up":[{"embeddable":true,"href":"https:\/\/tgbl-onlit.tangiblelaunchpad.com\/fr\/wp-json\/wp\/v2\/pages\/38564"}],"wp:featuredmedia":[{"embeddable":true,"href":"https:\/\/tgbl-onlit.tangiblelaunchpad.com\/fr\/wp-json\/wp\/v2\/media\/38566"}],"wp:attachment":[{"href":"https:\/\/tgbl-onlit.tangiblelaunchpad.com\/fr\/wp-json\/wp\/v2\/media?parent=38568"}],"wp:term":[{"taxonomy":"content-language","embeddable":true,"href":"https:\/\/tgbl-onlit.tangiblelaunchpad.com\/fr\/wp-json\/wp\/v2\/content-language?post=38568"}],"curies":[{"name":"wp","href":"https:\/\/api.w.org\/{rel}","templated":true}]}}

<div data-elementor-type="wp-page" data-elementor-id="38568" class="elementor elementor-38568 elementor-38321" data-elementor-post-type="page">
				<div class="elementor-element elementor-element-5da965ad e-flex e-con-boxed e-con e-parent" data-id="5da965ad" data-element_type="container" data-e-type="container">
					<div class="e-con-inner">
				<div class="elementor-element elementor-element-46b1acc2 elementor-widget elementor-widget-heading" data-id="46b1acc2" data-element_type="widget" data-e-type="widget" data-widget_type="heading.default">
				<div class="elementor-widget-container">
					<h1 class="elementor-heading-title elementor-size-default">Introduction aux apprentissages linguistiques</h1>				</div>
				</div>
				<div class="elementor-element elementor-element-cd5a8a7 elementor-widget elementor-widget-text-editor" data-id="cd5a8a7" data-element_type="widget" data-e-type="widget" data-widget_type="text-editor.default">
				<div class="elementor-widget-container">
									<p>Dans le programme-cadre de français de l’Ontario, la progression des apprentissages linguistiques expose les notions qui doivent faire l’objet de l’enseignement et de l’évaluation. Un continuum des apprentissages linguistiques pour la lecture et l’écriture, en harmonie avec la grammaire nouvelle et l’état des connaissances didactique du français, permet d’orienter l’enseignement des notions liées à la phrase, au lexique, à l’orthographe et à la cohérence textuelle.</p><p>Le continuum des apprentissages présente le développement des connaissances linguistiques en trois grandes étapes : une sensibilisation à la notion, une étude systématique, et un approfondissement. Il s’étend de la 1re à la 9e année et décrit des périodes approximatives durant lesquelles les élèves découvrent, explorent et maîtrisent progressivement l’utilisation des ces connaissances dans leurs productions écrites.</p><p>Il est également important de souligner que, bien souvent, les élèves comprennent et utilisent déjà ces connaissances à l’oral avant de pouvoir les appliquer efficacement à l’écrit.</p><p>Conformément au programme-cadre, nous commençons par les notions syntaxiques liées à la phrase et à ses constituants, afin de placer la phrase au cœur de l’enseignement de la langue. Cette organisation permet de mieux comprendre la structure de la phrase. Par la suite, nous aborderons les autres éléments liés à la grammaire de la phrase et la cohérence textuelle.</p><p>Le programme-cadre ne se limite pas à présenter les compétences et une progression suggérée de leur développement ; il offre également des pistes pédagogiques pour guider le personnel enseignant dans l’enseignement efficace de ces compétences. </p>								</div>
				</div>
				<div class="elementor-element elementor-element-70fe1c1 elementor-widget elementor-widget-text-editor" data-id="70fe1c1" data-element_type="widget" data-e-type="widget" data-widget_type="text-editor.default">
				<div class="elementor-widget-container">
									<p><em>Dans le contexte d’activités de communication orale, de lecture et d’écriture, l’élève apprend à mettre à contribution ses connaissances grammaticales pour mieux communiquer, comprendre et interpréter les textes ainsi que pour discuter de ses écrits, les expliquer et les évaluer. Pour ce faire, l’élève est amené à se livrer à des observations, à dégager des constatations et à faire des généralisations sur la langue et son fonctionnement. Au cours de ses communications, des ses lectures et de ses réactions, l’élève apprend à observer, nommer, reconnaître et évaluer les notions grammaticales du tableau de progression. Les notions grammaticales seront évaluées de manière contextualisée, c’est-à-dire en lecture et en écriture.</em></p>								</div>
				</div>
				<div class="elementor-element elementor-element-f6194ad elementor-widget elementor-widget-text-editor" data-id="f6194ad" data-element_type="widget" data-e-type="widget" data-widget_type="text-editor.default">
				<div class="elementor-widget-container">
									<p>Consulter ici l’Annexe B : Continuum des apprentissages linguistiques pour la lecture et l’écriture, de la 1re à la 9e année, attente B3:</p>								</div>
				</div>
				<div class="elementor-element elementor-element-cc5bca3 elementor-align-center elementor-widget elementor-widget-button" data-id="cc5bca3" data-element_type="widget" data-e-type="widget" data-widget_type="button.default">
				<div class="elementor-widget-container">
									<div class="elementor-button-wrapper">
					<a class="elementor-button elementor-button-link elementor-size-sm" href="https://www.dcp.edu.gov.on.ca/en/curriculum/elementary-language/context/appendix-b" target="_blank" rel="noopener">
						<span class="elementor-button-content-wrapper">
									<span class="elementor-button-text">Annexe B : Continuum des apprentissages linguistiques pour la lecture et l’écriture,  attente B3</span>
					</span>
					</a>
				</div>
								</div>
				</div>
				<div class="elementor-element elementor-element-b5b5080 elementor-widget elementor-widget-text-editor" data-id="b5b5080" data-element_type="widget" data-e-type="widget" data-widget_type="text-editor.default">
				<div class="elementor-widget-container">
									<p>Dans cette première vidéo, un aperçu est proposé sur les raisons et les méthodes d’enseignement des compétences liées à la phrase.</p>								</div>
				</div>
				<div class="elementor-element elementor-element-fcded18 elementor-widget elementor-widget-video" data-id="fcded18" data-element_type="widget" data-e-type="widget" data-settings="{&quot;youtube_url&quot;:&quot;https:\/\/youtu.be\/CGQItX1iC4E&quot;,&quot;video_type&quot;:&quot;youtube&quot;,&quot;controls&quot;:&quot;yes&quot;}" data-widget_type="video.default">
				<div class="elementor-widget-container">
							<div class="elementor-wrapper elementor-open-inline">
			<div class="elementor-video"></div>		</div>
						</div>
				</div>
				<div class="elementor-element elementor-element-84969b5 elementor-widget elementor-widget-text-editor" data-id="84969b5" data-element_type="widget" data-e-type="widget" data-widget_type="text-editor.default">
				<div class="elementor-widget-container">
									<p><em>« …L’enseignement de la grammaire de façon isolée, corrective et prescriptive donne de piètres résultats, alors que la grammaire intégrée à l’acte d’écrire a un effet positif. »</em>  &#8211; adapté de Van Cleave, Writing Matters, 2014 </p>								</div>
				</div>
		<div class="elementor-element elementor-element-3376f163 e-con-full e-flex e-con e-child" data-id="3376f163" data-element_type="container" data-e-type="container">
				<div class="elementor-element elementor-element-8dfe1d2 elementor-align-left elementor-widget__width-initial elementor-mobile-align-center elementor-hidden-desktop elementor-hidden-tablet elementor-hidden-mobile elementor-widget elementor-widget-button" data-id="8dfe1d2" data-element_type="widget" data-e-type="widget" data-widget_type="button.default">
				<div class="elementor-widget-container">
									<div class="elementor-button-wrapper">
					<a class="elementor-button elementor-size-sm" role="button">
						<span class="elementor-button-content-wrapper">
									<span class="elementor-button-text">&lt;&lt; Back</span>
					</span>
					</a>
				</div>
								</div>
				</div>
				<div class="elementor-element elementor-element-539d8976 elementor-align-right elementor-widget__width-initial elementor-mobile-align-center elementor-widget elementor-widget-button" data-id="539d8976" data-element_type="widget" data-e-type="widget" data-widget_type="button.default">
				<div class="elementor-widget-container">
									<div class="elementor-button-wrapper">
					<a class="elementor-button elementor-button-link elementor-size-sm" href="https://tgbl-onlit.tangiblelaunchpad.com/fr/b3-les-apprentissages-linguistiques/la-grammaire-et-la-syntaxe/">
						<span class="elementor-button-content-wrapper">
									<span class="elementor-button-text">Suivant &gt;&gt;</span>
					</span>
					</a>
				</div>
								</div>
				</div>
				</div>
					</div>
				</div>
				</div>

<p>Introduction aux apprentissages linguistiques Dans le programme-cadre de français de l’Ontario, la progression des apprentissages linguistiques expose les notions qui doivent faire l’objet de l’enseignement et de l’évaluation. Un continuum&#8230;</p>
